, 3, 7, 73
List the prime factors of 30803.
30803
List the prime factors of 1157.
13, 89
List the prime factors of 19120.
2, 5, 239
What are the prime factors of 17834?
2, 37, 241
List the prime factors of 1356.
2, 3, 113
What are the prime factors of 827?
827
List the prime factors of 8730.
2, 3, 5, 97
List the prime factors of 1174.
2, 587
List the prime factors of 15304.
2, 1913
List the prime factors of 215.
5, 43
List the prime factors of 1146.
2, 3, 191
What are the prime factors of 585?
3, 5, 13
List the prime factors of 2918.
2, 1459
What are the prime factors of 1764?
2, 3, 7
List the prime factors of 39641.
7, 809
What are the prime factors of 5?
5
What are the prime factors of 1528?
2, 191
What are the prime factors of 1661?
11, 151
List the prime factors of 996.
2, 3, 83
What are the prime factors of 25168?
2, 11, 13
What are the prime factors of 1606?
2, 11, 73
List the prime factors of 8193.
3, 2731
List the prime factors of 6454.
2, 7, 461
What are the prime factors of 6329?
6329
List the prime factors of 4134.
2, 3, 13, 53
What are the prime factors of 1067?
11, 97
List the prime factors of 49.
7
What are the prime factors of 93172?
2, 23293
What are the prime factors of 14289?
3, 11, 433
List the prime factors of 63030.
2, 3, 5, 11, 191
What are the prime factors of 28145?
5, 13, 433
What are the prime factors of 46124?
2, 13, 887
What are the prime factors of 187?
11, 17
What are the prime factors of 508?
2, 127
What are the prime factors of 34266?
2, 3, 5711
What are the prime factors of 2125?
5, 17
What are the prime factors of 15146?
2, 7573
What are the prime factors of 9422?
2, 7, 673
List the prime factors of 3125.
5
List the prime factors of 6230.
2, 5, 7, 89
What are the prime factors of 253?
11, 23
List the prime factors of 50745.
3, 5, 17, 199
List the prime factors of 10704.
2, 3, 223
List the prime factors of 2151.
3, 239
List the prime factors of 3018.
2, 3, 503
List the prime factors of 58785.
3, 5, 3919
List the prime factors of 7422.
2, 3, 1237
What are the prime factors of 10649?
23, 463
What are the prime factors of 2468?
2, 617
What are the prime factors of 20651?
107, 193
List the prime factors of 1212.
2, 3, 101
What are the prime factors of 3234?
2, 3, 7, 11
List the prime factors of 437.
19, 23
List the prime factors of 12701.
13, 977
List the prime factors of 28884.
2, 3, 29, 83
What are the prime factors of 3986?
2, 1993
List the prime factors of 3533.
3533
What are the prime factors of 79716?
2, 3, 7, 13, 73
What are the prime factors of 167274?
2, 3, 9293
List the prime factors of 3004.
2, 751
What are the prime factors of 500?
2, 5
What are the prime factors of 2192?
2, 137
What are the prime factors of 11097?
3, 137
List the prime factors of 6904.
2, 863
What are the prime factors of 32484?
2, 3, 2707
What are the prime factors of 232?
2, 29
List the prime factors of 32550.
2, 3, 5, 7, 31
What are the prime factors of 32448?
2, 3, 13
List the prime factors of 32608.
2, 1019
What are the prime factors of 2368?
2, 37
What are the prime factors of 47?
47
What are the prime factors of 1390?
2, 5, 139
What are the prime factors of 744?
2, 3, 31
List the prime factors of 140858.
2, 70429
List the prime factors of 9380.
2, 5, 7, 67
What are the prime factors of 1304?
2, 163
List the prime factors of 118791.
3, 67, 197
List the prime factors of 4727.
29, 163
What are the prime factors of 1986?
2, 3, 331
List the prime factors of 31617.
3, 1171
List the prime factors of 68857.
37, 1861
List the prime factors of 2602.
2, 1301
What are the prime factors of 380?
2, 5, 19
List the prime factors of 28411.
28411
List the prime factors of 2036.
2, 509
What are the prime factors of 2929?
29, 101
What are the prime factors of 781?
11, 71
What are the prime factors of 30557?
30557
List the prime factors of 51756.
2, 3, 19, 227
List the prime factors of 4012.
2, 17, 59
What are the prime factors of 1644?
2, 3, 137
List the prime factors of 64504.
2, 11, 733
List the prime factors of 6599.
6599
What are the prime factors of 1826?
2, 11, 83
List the prime factors of 3033.
3, 337
List the prime factors of 3500.
2, 5, 7
What are the prime factors of 13801?
37, 373
List the prime factors of 21293.
107, 199
List the prime factors of 69865.
5, 89, 157
What are the prime factors of 3183?
3, 1061
What are the prime factors of 35187?
3, 37, 317
List the prime factors of 16763.
16763
List the prime factors of 899.
29, 31
What are the prime factors of 29290?
2, 5, 29, 101
What are the prime factors of 543?
3, 181
What are the prime factors of 1248?
2, 3, 13
What are the prime factors of 957?
3, 11, 29
What are the prime factors of 65?
5, 13
What are the prime factors of 3716?
2, 929
List the prime factors of 122.
2, 61
What are the prime factors of 11983?
23, 521
List the prime factors of 3802.
2, 1901
What are the prime factors of 12411?
3, 7, 197
What are the prime factors of 5374?
2, 2687
What are the prime factors of 150?
2, 3, 5
List the prime factors of 83763.
3, 41, 227
List the prime factors of 30553.
30553
List the prime factors of 8512.
2, 7, 19
What are the prime factors of 243?
3
List the prime factors of 3693.
3, 1231
What are the prime factors of 6529?
6529
List the prime factors of 6440.
2, 5, 7, 23
List the prime factors of 1807.
13, 139
List the prime factors of 2650.
2, 5, 53
What are the prime factors of 5657?
5657
List the prime factors of 2660.
2, 5, 7, 19
List the prime factors of 103.
103
What are the prime factors of 788?
2, 197
What are the prime factors of 4755?
3, 5, 317
What are the prime factors of 1564?
2, 17, 23
List the prime factors of 28849.
17, 1697
List the prime factors of 19827.
3, 2203
List the prime factors of 45432.
2, 3, 631
What are the prime factors of 10898?
2, 5449
List the prime factors of 12902.
2, 6451
What are the prime factors of 18557?
7, 11, 241
List the prime factors of 142.
2, 71
List the prime factors of 546.
2, 3, 7, 13
What are the prime factors of 23807?
7, 19, 179
List the prime factors of 89.
89
List the prime factors of 95875.
5, 13, 59
What are the prime factors of 905?
5, 181
List the prime factors of 5760.
2, 3, 5
What are the prime factors of 7747?
61, 127
List the prime factors of 33414.
2, 3, 5569
List the prime factors of 1412.
2, 353
What are the prime factors of 11349?
3, 13, 97
What are the prime factors of 157?
157
What are the prime factors of 96871?
73, 1327
List the prime factors of 1261.
13, 97
List the prime factors of 3406.
2, 13, 131
List the prime factors of 30129.
3, 11, 83
What are the prime factors of 17337?
3, 5779
List the prime factors of 937.
937
What are the prime factors of 404?
2, 101
List the prime factors of 2171.
13, 167
What are the prime factors of 2787?
3, 929
List the prime factors of 1077.
3, 359
List the prime factors of 8536.
2, 11, 97
List the prime factors of 3176.
2, 397
What are the prime factors of 57567?
3, 31, 619
What are the prime factors of 14377?
11, 1307
List the prime factors of 991.
991
List the prime factors of 19507.
19507
List the prime factors of 3386.
2, 1693
List the prime factors of 31335.
3, 5, 2089
What are the prime factors of 21601?
21601
What are the prime factors of 5746?
2, 13, 17
List the prime factors of 976.
2, 61
What are the prime factors of 3810?
2, 3, 5, 127
List the prime factors of 8935.
5, 1787
What are the prime factors of 1639?
11, 149
List the prime factors of 1494.
2, 3, 83
What are the prime factors of 17980?
2, 5, 29, 31
What are the prime factors of 136198?
2, 68099
What are the prime factors of 5011?
5011
List the prime factors of 10667.
10667
List the prime factors of 693.
3, 7, 11
List the prime factors of 1177.
11, 107
What are the prime factors of 5646?
2, 3, 941
List the prime factors of 502.
2, 251
What are the prime factors of 4039?
7, 577
List the prime factors of 11517.
3, 11, 349
List the prime factors of 38564.
2, 31, 311
List the prime factors of 1124.
2, 281
List the prime factors of 411.
3, 137
What are the prime factors of 1066?
2, 13, 41
List the prime factors of 17189.
17189
What are the prime factors of 585?
3, 5, 13
List the prime factors of 11088.
2, 3, 7, 11
What are the prime factors of 93226?
2, 7, 6659
What are the prime factors of 24348?
2, 3, 2029
What a